{"id":25055,"date":"2021-03-10T18:31:37","date_gmt":"2021-03-10T18:31:37","guid":{"rendered":"https:\/\/seleg.com.br\/home\/?page_id=25055"},"modified":"2021-03-10T18:59:52","modified_gmt":"2021-03-10T18:59:52","slug":"eletrica-predial","status":"publish","type":"page","link":"https:\/\/seleg.com.br\/home\/?page_id=25055","title":{"rendered":"El\u00e9trica Predial"},"content":{"rendered":"\t\t<div data-elementor-type=\"wp-page\" data-elementor-id=\"25055\" class=\"elementor elementor-25055\" data-elementor-settings=\"[]\">\n\t\t\t\t\t\t\t<div class=\"elementor-section-wrap\">\n\t\t\t\t\t\t\t<section class=\"elementor-section elementor-top-section elementor-element elementor-element-2f5a4ca elementor-section-full_width elementor-section-height-default elementor-section-height-default\" data-id=\"2f5a4ca\" data-element_type=\"section\" data-settings=\"{&quot;background_background&quot;:&quot;classic&quot;}\">\n\t\t\t\t\t\t\t<div class=\"elementor-background-overlay\"><\/div>\n\t\t\t\t\t\t\t<div class=\"elementor-container elementor-column-gap-default\">\n\t\t\t\t\t<div class=\"elementor-column elementor-col-100 elementor-top-column elementor-element elementor-element-f233d42\" data-id=\"f233d42\" data-element_type=\"column\">\n\t\t\t<div class=\"elementor-widget-wrap elementor-element-populated\">\n\t\t\t\t\t\t\t\t<div class=\"elementor-element elementor-element-e15e5d3 elementor-widget elementor-widget-heading\" data-id=\"e15e5d3\" data-element_type=\"widget\" data-widget_type=\"heading.default\">\n\t\t\t\t<div class=\"elementor-widget-container\">\n\t\t\t<h2 class=\"elementor-heading-title elementor-size-default\">El\u00e9trica Predial<\/h2>\t\t<\/div>\n\t\t\t\t<\/div>\n\t\t\t\t\t<\/div>\n\t\t<\/div>\n\t\t\t\t\t\t\t<\/div>\n\t\t<\/section>\n\t\t\t\t<section class=\"elementor-section elementor-top-section elementor-element elementor-element-e3ba383 elementor-section-boxed elementor-section-height-default elementor-section-height-default\" data-id=\"e3ba383\" data-element_type=\"section\">\n\t\t\t\t\t\t<div class=\"elementor-container elementor-column-gap-default\">\n\t\t\t\t\t<div class=\"elementor-column elementor-col-100 elementor-top-column elementor-element elementor-element-1621352\" data-id=\"1621352\" data-element_type=\"column\">\n\t\t\t<div class=\"elementor-widget-wrap elementor-element-populated\">\n\t\t\t\t\t\t\t\t<section class=\"elementor-section elementor-inner-section elementor-element elementor-element-88de72f elementor-section-boxed elementor-section-height-default elementor-section-height-default\" data-id=\"88de72f\" data-element_type=\"section\">\n\t\t\t\t\t\t<div class=\"elementor-container elementor-column-gap-default\">\n\t\t\t\t\t<div class=\"elementor-column elementor-col-50 elementor-inner-column elementor-element elementor-element-e3b7daf\" data-id=\"e3b7daf\" data-element_type=\"column\">\n\t\t\t<div class=\"elementor-widget-wrap elementor-element-populated\">\n\t\t\t\t\t\t\t\t<div class=\"elementor-element elementor-element-ac1e4ed elementor-widget elementor-widget-image\" data-id=\"ac1e4ed\" data-element_type=\"widget\" data-widget_type=\"image.default\">\n\t\t\t\t<div class=\"elementor-widget-container\">\n\t\t\t\t\t<div class=\"elementor-image\">\n\t\t\t\t\t\t\t\t\t\t<img width=\"512\" height=\"341\" src=\"https:\/\/seleg.com.br\/home\/wp-content\/uploads\/2021\/03\/Predial-1.jpg\" class=\"attachment-large size-large\" alt=\"\" decoding=\"async\" loading=\"lazy\" srcset=\"https:\/\/seleg.com.br\/home\/wp-content\/uploads\/2021\/03\/Predial-1.jpg 512w, https:\/\/seleg.com.br\/home\/wp-content\/uploads\/2021\/03\/Predial-1-300x200.jpg 300w\" sizes=\"(max-width: 512px) 100vw, 512px\" \/>\t\t\t\t\t\t\t\t\t\t\t<\/div>\n\t\t\t\t<\/div>\n\t\t\t\t<\/div>\n\t\t\t\t\t<\/div>\n\t\t<\/div>\n\t\t\t\t<div class=\"elementor-column elementor-col-50 elementor-inner-column elementor-element elementor-element-2b8cd28\" data-id=\"2b8cd28\" data-element_type=\"column\">\n\t\t\t<div class=\"elementor-widget-wrap elementor-element-populated\">\n\t\t\t\t\t\t\t\t<div class=\"elementor-element elementor-element-e9fd704 elementor-widget elementor-widget-text-editor\" data-id=\"e9fd704\" data-element_type=\"widget\" data-widget_type=\"text-editor.default\">\n\t\t\t\t<div class=\"elementor-widget-container\">\n\t\t\t\t\t<div class=\"elementor-text-editor elementor-clearfix\"><p>\u00c9 respons\u00e1vel por reunir todas as informa\u00e7\u00f5es necess\u00e1rias para a instala\u00e7\u00e3o; o que inclui verificar a planta do pr\u00e9dio e dos demais equipamentos que ser\u00e3o instalados. Al\u00e9m disso, tamb\u00e9m \u00e9 definido o tempo necess\u00e1rio para a finaliza\u00e7\u00e3o da instala\u00e7\u00e3o, al\u00e9m de ser feita uma previs\u00e3o dos custos.<\/p><p>As instala\u00e7\u00f5es el\u00e9tricas prediais garantem que todos os ambientes sejam munidos com energia el\u00e9trica para a realiza\u00e7\u00e3o das atividades dos seus ocupantes. Entretanto, ao realizar essa etapa de maneira errada ou sem a devida manuten\u00e7\u00e3o, poder\u00e3o ocorrer problemas no edif\u00edcio, o que talvez at\u00e9 coloque em risco a vida das pessoas.<\/p><p>Para Seleg, qualidade dos materiais utilizados, equipe bem treinada e manuten\u00e7\u00f5es rotineiras s\u00e3o pontos fundamentais para que o resultado seja satisfat\u00f3rio e n\u00e3o cause riscos para os profissionais e usu\u00e1rios do pr\u00e9dio.<\/p><\/div>\n\t\t\t\t<\/div>\n\t\t\t\t<\/div>\n\t\t\t\t<div class=\"elementor-element elementor-element-69a2f90 elementor-widget elementor-widget-button\" data-id=\"69a2f90\" data-element_type=\"widget\" data-widget_type=\"button.default\">\n\t\t\t\t<div class=\"elementor-widget-container\">\n\t\t\t\t\t<div class=\"elementor-button-wrapper\">\n\t\t\t<a href=\"https:\/\/wa.me\/5527999967002\" class=\"elementor-button-link elementor-button elementor-size-sm\" role=\"button\">\n\t\t\t\t\t\t<span class=\"elementor-button-content-wrapper\">\n\t\t\t\t\t\t<span class=\"elementor-button-text\">Or\u00e7amento<\/span>\n\t\t<\/span>\n\t\t\t\t\t<\/a>\n\t\t<\/div>\n\t\t\t\t<\/div>\n\t\t\t\t<\/div>\n\t\t\t\t\t<\/div>\n\t\t<\/div>\n\t\t\t\t\t\t\t<\/div>\n\t\t<\/section>\n\t\t\t\t\t<\/div>\n\t\t<\/div>\n\t\t\t\t\t\t\t<\/div>\n\t\t<\/section>\n\t\t\t\t\t\t<\/div>\n\t\t\t\t\t<\/div>\n\t\t","protected":false},"excerpt":{"rendered":"<p>El\u00e9trica Predial \u00c9 respons\u00e1vel por reunir todas as informa\u00e7\u00f5es necess\u00e1rias para a instala\u00e7\u00e3o; o que inclui verificar a planta do pr\u00e9dio e dos demais equipamentos que ser\u00e3o instalados. Al\u00e9m disso, tamb\u00e9m \u00e9 definido o tempo necess\u00e1rio para a finaliza\u00e7\u00e3o da instala\u00e7\u00e3o, al\u00e9m de ser feita uma previs\u00e3o dos custos. As instala\u00e7\u00f5es el\u00e9tricas prediais garantem que &hellip;<\/p>\n<p class=\"read-more\"> <a class=\"\" href=\"https:\/\/seleg.com.br\/home\/?page_id=25055\"> <span class=\"screen-reader-text\">El\u00e9trica Predial<\/span> Leia mais &raquo;<\/a><\/p>\n","protected":false},"author":2,"featured_media":0,"parent":0,"menu_order":0,"comment_status":"closed","ping_status":"closed","template":"","meta":[],"_links":{"self":[{"href":"https:\/\/seleg.com.br\/home\/index.php?rest_route=\/wp\/v2\/pages\/25055"}],"collection":[{"href":"https:\/\/seleg.com.br\/home\/index.php?rest_route=\/wp\/v2\/pages"}],"about":[{"href":"https:\/\/seleg.com.br\/home\/index.php?rest_route=\/wp\/v2\/types\/page"}],"author":[{"embeddable":true,"href":"https:\/\/seleg.com.br\/home\/index.php?rest_route=\/wp\/v2\/users\/2"}],"replies":[{"embeddable":true,"href":"https:\/\/seleg.com.br\/home\/index.php?rest_route=%2Fwp%2Fv2%2Fcomments&post=25055"}],"version-history":[{"count":7,"href":"https:\/\/seleg.com.br\/home\/index.php?rest_route=\/wp\/v2\/pages\/25055\/revisions"}],"predecessor-version":[{"id":25077,"href":"https:\/\/seleg.com.br\/home\/index.php?rest_route=\/wp\/v2\/pages\/25055\/revisions\/25077"}],"wp:attachment":[{"href":"https:\/\/seleg.com.br\/home\/index.php?rest_route=%2Fwp%2Fv2%2Fmedia&parent=25055"}],"curies":[{"name":"wp","href":"https:\/\/api.w.org\/{rel}","templated":true}]}}